hat is the units digit of 27074479?
9
What is the millions digit of 158358309?
8
What is the ten millions digit of 2306429546?
0
What is the hundred millions digit of 987895552?
9
What is the millions digit of 80159846?
0
What is the tens digit of 130394371?
7
What is the hundreds digit of 3299467886?
8
What is the millions digit of 43861679?
3
What is the tens digit of 62851368?
6
What is the units digit of 588076008?
8
What is the hundreds digit of 1293466871?
8
What is the ten thousands digit of 3559737121?
3
What is the hundred thousands digit of 54900131?
9
What is the thousands digit of 130193489?
3
What is the units digit of 874501011?
1
What is the hundred millions digit of 582175174?
5
What is the thousands digit of 579834551?
4
What is the hundred thousands digit of 503197315?
1
What is the tens digit of 7148651007?
0
What is the ten thousands digit of 81664170?
6
What is the units digit of 43405135?
5
What is the ten millions digit of 139714753?
3
What is the hundred thousands digit of 378226293?
2
What is the tens digit of 292623999?
9
What is the millions digit of 1865563066?
5
What is the hundred thousands digit of 46108369?
1
What is the millions digit of 191293569?
1
What is the millions digit of 54189403?
4
What is the hundreds digit of 49247851?
8
What is the units digit of 27321962?
2
What is the units digit of 35056420?
0
What is the ten millions digit of 684326298?
8
What is the ten millions digit of 2735123433?
3
What is the millions digit of 2996755441?
6
What is the millions digit of 41611062?
1
What is the hundreds digit of 66683228?
2
What is the units digit of 663158732?
2
What is the units digit of 7354372?
2
What is the ten thousands digit of 98708835?
0
What is the millions digit of 821880308?
1
What is the millions digit of 350780497?
0
What is the tens digit of 217798054?
5
What is the hundreds digit of 1601577106?
1
What is the tens digit of 496633116?
1
What is the hundred thousands digit of 488927649?
9
What is the ten millions digit of 33046757?
3
What is the hundred millions digit of 436128705?
4
What is the hundred thousands digit of 5647255?
6
What is the ten millions digit of 176044229?
7
What is the hundreds digit of 3248279405?
4
What is the units digit of 911235175?
5
What is the hundred thousands digit of 115228002?
2
What is the hundred thousands digit of 42285129?
2
What is the millions digit of 43797748?
3
What is the billions digit of 4651117452?
4
What is the hundred millions digit of 402477434?
4
What is the units digit of 38526014?
4
What is the billions digit of 1330705828?
1
What is the hundred thousands digit of 594064062?
0
What is the units digit of 637746849?
9
What is the hundreds digit of 42822305?
3
What is the units digit of 55267076?
6
What is the ten millions digit of 894927469?
9
What is the ten thousands digit of 6331253?
3
What is the thousands digit of 71880341?
0
What is the ten millions digit of 192236185?
9
What is the thousands digit of 13497622?
7
What is the ten millions digit of 476585265?
7
What is the ten millions digit of 70897865?
7
What is the units digit of 4809266686?
6
What is the millions digit of 204567987?
4
What is the hundred thousands digit of 322508320?
5
What is the thousands digit of 682971559?
1
What is the tens digit of 569408679?
7
What is the ten thousands digit of 168913269?
1
What is the hundred thousands digit of 54401827?
4
What is the millions digit of 777276582?
7
What is the tens digit of 712413250?
5
What is the thousands digit of 680424507?
4
What is the thousands digit of 1851205131?
5
What is the ten millions digit of 107715843?
0
What is the billions digit of 1629185419?
1
What is the units digit of 264057482?
2
What is the hundreds digit of 889635506?
5
What is the ten millions digit of 969414358?
6
What is the units digit of 59681674?
4
What is the ten millions digit of 1035367291?
3
What is the hundred thousands digit of 85539676?
5
What is the ten thousands digit of 610686195?
8
What is the tens digit of 198378750?
5
What is the millions digit of 4926964765?
6
What is the millions digit of 330344088?
0
What is the thousands digit of 51852278?
2
What is the ten millions digit of 419850479?
1
What is the units digit of 333134667?
7
What is the millions digit of 430901889?
0
What is the tens digit of 106342630?
3
What is the tens digit of 166710192?
9
What is the ten millions digit of 40517521?
4
What is the tens digit of 49906822?
2
What is the hundred thousands digit of 3223817470?
8
What is the ten thousands digit of 219464779?
6
What is the ten thousands digit of 72338595?
3
What is the hundred thousands digit of 2896939304?
9
What is the tens digit of 2409932241?
4
What is the hundreds digit of 73081367?
3
What is the millions digit of 2313075697?
3
What is the millions digit of 1967976582?
7
What is the tens digit of 10120499?
9
What is the ten thousands digit of 2714076875?
7
What is the tens digit of 43179982?
8
What is the units digit of 4238854402?
2
What is the billions digit of 1323455473?
1
What is the thousands digit of 1335330688?
0
What is the hundreds digit of 540412114?
1
What is the hundred thousands digit of 42801315?
8
What is the hundred thousands digit of 4650978?
6
What is the tens digit of 107131972?
7
What is the hundred thousands digit of 52733415?
7
What is the hundreds digit of 33129353?
3
What is the ten thousands digit of 112755178?
5
What is the millions digit of 1730418240?
0
What is the hundred thousands digit of 224076758?
0
What is the hundred thousands digit of 51101887?
1
What is the ten millions digit of 13595416?
1
What is the tens digit of 80105269?
6
What is the thousands digit of 2989303049?
3
What is the tens digit of 1681199383?
8
What is the ten millions digit of 302528244?
0
What is the millions digit of 210608548?
0
What is the units digit of 2308858215?
5
What is the hundreds digit of 3647907439?
4
What is the tens digit of 281294368?
6
What is the hundred thousands digit of 71142495?
1
What is the units digit of 4538271901?
1
What is the units digit of 66824640?
0
What is the hundred millions digit of 257552072?
2
What is the hundred millions digit of 162041363?
1
What is the tens digit of 2353305216?
1
What is the millions digit of 71333896?
1
What is the hundred thousands digit of 4668569702?
5
What is the hundreds digit of 535763848?
8
What is the units digit of 101046938?
8
What is the hundreds digit of 41640935?
9
What is the hundred millions digit of 121522631?
1
What is the hundreds digit of 3695605014?
0
What is the thousands digit of 42726707?
6
What is the hundred millions digit of 4063497174?
0
What is the tens digit of 6289654?
5
What is the hundred millions digit of 1272105014?
2
What is the tens digit of 298793977?
7
What is the tens digit of 220583451?
5
What is the hundreds digit of 606850210?
2
What is the hundred millions digit of 972884131?
9
What is the tens digit of 86035042?
4
What is the hundred thousands digit of 71557201?
5
What is the ten millions digit of 304595323?
0
What is the hundreds digit of 61530057?
0
What is the hundreds digit of 3436759968?
9
What is the tens digit of 35725157?
5
What is the hundreds digit of 58459960?
9
What is the ten thousands digit of 245510290?
1
What is the hundreds digit of 1824706315?
3
What is the units digit of 15350107?
7
What is the ten millions digit of 113202208?
1
What is the hundred millions digit of 2018759026?
0
What is the tens digit of 7616539062?
6
What is the hundred millions digit of 131207601?
1
What is the tens digit of 934228517?
1
What is the hundred thousands digit of 5420313824?
3
What is the ten millions digit of 894615125?
9
What is the millions digit of 408340115?
8
What is the hundred thousands digit of 75741628?
7
What is the millions digit of 39272049?
9
What is the hundred millions digit of 108888818?
1
What is the ten thousands digit of 21155044?
5
What is the units digit of 40895825?
5
What is the units digit of 1602106332?
2
What is the hundred thousands digit of 20302843?
3
What is the thousands digit of 104349122?
9
What is the ten thousands digit of 15984257?
8
What is the millions digit of 73819364?
3
What is the hundreds digit of 23746989?
9
What is the ten millions digit of 2804515463?
